.
14
What is the highest common divisor of 17840 and 200?
40
Calculate the highest common factor of 200 and 6100.
100
What is the greatest common divisor of 265 and 35?
5
Calculate the highest common divisor of 696 and 64.
8
Calculate the greatest common factor of 344 and 215.
43
What is the highest common factor of 3 and 13?
1
Calculate the highest common factor of 23 and 13524.
23
What is the greatest common divisor of 24 and 1304?
8
Calculate the greatest common divisor of 6 and 40.
2
Calculate the greatest common factor of 9 and 2.
1
Calculate the highest common divisor of 161 and 253.
23
Calculate the greatest common factor of 9 and 17055.
9
What is the greatest common factor of 4136 and 3196?
188
What is the highest common factor of 69 and 82317?
69
Calculate the greatest common divisor of 33 and 1793.
11
What is the highest common divisor of 160 and 60?
20
What is the highest common factor of 42 and 579?
3
What is the highest common divisor of 3707 and 33?
11
What is the greatest common divisor of 28 and 63?
7
Calculate the greatest common divisor of 8 and 1.
1
What is the highest common factor of 1 and 109?
1
Calculate the highest common divisor of 273 and 39.
39
What is the highest common factor of 36 and 11781?
9
What is the highest common factor of 1568 and 49?
49
What is the highest common divisor of 58 and 4988?
58
What is the highest common divisor of 308 and 2112?
44
Calculate the greatest common divisor of 24 and 7128.
24
Calculate the highest common divisor of 224 and 196.
28
Calculate the greatest common divisor of 3082 and 67.
67
What is the greatest common factor of 385 and 245?
35
Calculate the greatest common divisor of 2 and 1823.
1
What is the highest common divisor of 3180 and 120?
60
Calculate the greatest common factor of 1 and 89.
1
What is the greatest common divisor of 6741 and 107?
107
Calculate the greatest common factor of 36 and 738.
18
What is the greatest common divisor of 14 and 22694?
14
What is the greatest common divisor of 28 and 4214?
14
What is the highest common divisor of 744 and 341?
31
What is the highest common divisor of 201 and 3?
3
Calculate the highest common factor of 6132 and 84.
84
Calculate the highest common divisor of 285 and 1235.
95
Calculate the highest common factor of 5 and 20.
5
What is the greatest common factor of 25 and 1?
1
What is the greatest common divisor of 26 and 169?
13
Calculate the greatest common factor of 37689 and 51.
51
What is the highest common divisor of 108 and 444?
12
Calculate the greatest common divisor of 85 and 20.
5
Calculate the greatest common factor of 31 and 589.
31
Calculate the greatest common divisor of 1300 and 20.
20
Calculate the greatest common factor of 54 and 297.
27
Calculate the greatest common factor of 39 and 14794.
13
Calculate the greatest common factor of 1573 and 33.
11
Calculate the greatest common factor of 38 and 9234.
38
What is the highest common factor of 253 and 352?
11
What is the highest common factor of 187 and 11?
11
Calculate the greatest common factor of 7280 and 715.
65
Calculate the greatest common factor of 368 and 138.
46
What is the greatest common factor of 13 and 2392?
13
What is the greatest common divisor of 2651 and 77?
11
What is the highest common factor of 58 and 4?
2
Calculate the highest common factor of 12100 and 400.
100
Calculate the highest common factor of 321 and 1712.
107
Calculate the greatest common divisor of 40 and 44.
4
What is the greatest common factor of 50 and 17850?
50
Calculate the greatest common divisor of 3780 and 560.
140
What is the highest common factor of 30 and 10?
10
Calculate the highest common divisor of 1647 and 1080.
27
What is the highest common divisor of 186 and 1054?
62
Calculate the highest common factor of 264 and 156.
12
What is the highest common divisor of 374 and 1298?
22
Calculate the highest common factor of 52 and 286.
26
What is the highest common divisor of 26 and 21164?
26
Calculate the highest common factor of 15 and 915.
15
What is the greatest common factor of 8066 and 218?
218
What is the highest common factor of 20 and 710?
10
What is the highest common factor of 14606 and 67?
67
Calculate the greatest common factor of 17 and 1190.
17
What is the highest common divisor of 95 and 115?
5
Calculate the highest common divisor of 245 and 784.
49
What is the greatest common divisor of 40 and 140?
20
What is the highest common divisor of 1088 and 720?
16
What is the highest common divisor of 284 and 32518?
142
What is the greatest common factor of 2 and 3974?
2
What is the highest common divisor of 270 and 225?
45
Calculate the highest common factor of 1417 and 26.
13
Calculate the highest common factor of 765 and 102.
51
Calculate the highest common factor of 9 and 531.
9
Calculate the greatest common factor of 33 and 18.
3
What is the greatest common divisor of 1144 and 7150?
286
Calculate the highest common divisor of 2717 and 1045.
209
Calculate the greatest common factor of 97 and 776.
97
What is the greatest common factor of 256 and 32?
32
What is the highest common factor of 95 and 133?
19
Calculate the greatest common factor of 5243 and 7.
7
What is the highest common divisor of 704 and 64?
64
What is the highest common divisor of 66 and 9570?
66
Calculate the highest common divisor of 2294 and 74.
74
Calculate the greatest common divisor of 24 and 6504.
24
What is the highest common factor of 430 and 20?
10
What is the greatest common divisor of 1124 and 18827?
281
What is the greatest common divisor of 123 and 492?
123
What is the greatest common divisor of 234 and 195?
39
What is the highest common factor of 98 and 4018?
98
Calculate the greatest common divisor of 28 and 3514.
14
What is the greatest common divisor of 2385 and 35?
5
What is the greatest common divisor of 150 and 1725?
75
Calculate the highest common divisor of 371 and 477.
53
What is the greatest common divisor of 230 and 5842?
46
What is the highest common divisor of 1421 and 464?
29
Calculate the greatest common divisor of 104 and 2132.
52
What is the greatest common divisor of 54 and 234?
18
Calculate the highest common divisor of 195 and 507.
39
What is the highest common divisor of 66 and 22?
22
Calculate the highest common factor of 22 and 506.
22
What is the highest common divisor of 17 and 3?
1
What is the greatest common factor of 20 and 31620?
20
Calculate the greatest common divisor of 30 and 134.
2
Calculate the greatest common divisor of 924 and 588.
84
Calculate the greatest common divisor of 35 and 280.
35
Calculate the greatest common divisor of 14550 and 300.
150
Calculate the highest common divisor of 252 and 112.
28
Calculate the greatest common factor of 4109 and 7.
7
Calculate the greatest common divisor of 568 and 31666.
142
What is the greatest common divisor of 276 and 345?
69
Calculate the highest common divisor of 23376 and 96.
48
What is the highest common factor of 28 and 112?
28
Calculate the greatest common divisor of 21 and 168.
21
Calculate the highest common divisor of 60 and 18820.
20
Calculate the greatest common divisor of 72 and 378.
18
Calculate the greatest common divisor of 15846 and 1390.
278
What is the greatest common factor of 1 and 17?
1
Calculate the highest common divisor of 57 and 19.
19
What is the greatest common factor of 576 and 1926?
18
Calculate the greatest common factor of 2286 and 198.
18
What is the greatest common factor of 931 and 19?
19
Calculate the greatest common factor of 8 and 3436.
4
What is the greatest common factor of 2301 and 3540?
177
What is the highest common factor of 14450 and 51?
17
What is the greatest common divisor of 4932 and 36?
36
Calculate the highest common divisor of 1125 and 250.
125
What is the highest common factor of 338 and 6?
2
What is the highest common factor of 847 and 35?
7
Calculate the highest common factor of 46425 and 75.
75
What is the greatest common divisor of 78 and 100542?
78
What is the highest common divisor of 59976 and 72?
72
What is the greatest common divisor of 46 and 14?
2
What is the greatest common divisor of 207 and 2001?
69
What is the greatest common divisor of 7656 and 154?
22
What is the highest common divisor of 132 and 1650?
66
Calculate the greatest common fa